{"id":375,"date":"2022-01-12T22:22:51","date_gmt":"2022-01-12T21:22:51","guid":{"rendered":"https:\/\/pcr-pooltests-kitas-bayern.lederer4u.de\/?page_id=375"},"modified":"2022-01-12T22:22:51","modified_gmt":"2022-01-12T21:22:51","slug":"umsetzung-von-pcr-pooltests","status":"publish","type":"page","link":"https:\/\/lolli-test-bayern.de\/home\/umsetzung-von-pcr-pooltests\/","title":{"rendered":"Umsetzung von PCR Pooltests"},"content":{"rendered":"\n<p>Auf dieser Seite stellen wir allen Interessierten die wichtigsten Informationen zur Verf\u00fcgung, um eine Umsetzung von PCR Pooltests auf kommunaler Ebene anzusto\u00dfen. <\/p>\n\n\n\n<p>Es ist von gro\u00dfer Wichtigkeit, dass Sie diese Informationen Ihrer <strong>Einrichtungsleitung<\/strong>, den <strong>verantwortlichen Personen Ihres Kita-Tr\u00e4gers<\/strong> sowie der <strong>kommunalen Verwaltung<\/strong> (Zust\u00e4ndige f\u00fcr Kinderbetreuung) zur Verf\u00fcgung stellen. Daf\u00fcr k\u00f6nnen Sie den unten stehenden Text direkt in einer Mail an die genannten Stellen verwenden oder auf unsere Webseite verweisen!<\/p>\n\n\n\n<p>Bitten Sie Ihre kommunale Verwaltung um <strong>dringende<\/strong> Ber\u00fccksichtigung und telefonieren Sie im Zweifel nochmal hinter dem Anliegen her. Leider wird das Thema von vielen Verwaltungen nicht mit der notwendigen Priorit\u00e4t bearbeitet und es kann hier sonst zu l\u00e4ngeren Liegezeiten Ihres Anliegens kommen.<\/p>\n\n\n\n<h2>Stadt Augsburg stellt allen Kommunen in Bayern Informationen bereit<\/h2>\n\n\n\n<p>Die Stadt Augsburg bietet allen interessierten Kommunen an, die <strong>Vergabeunterlagen<\/strong>, insbesondere das <strong>Leistungsverzeichnis<\/strong>, aber auch die <strong>Einverst\u00e4ndniserkl\u00e4rungen f\u00fcr Eltern<\/strong>, <strong>Informationen zum p\u00e4dagogischen Konzept<\/strong> etc. zur Verf\u00fcgung zu stellen. Die Stadt Augsburg verf\u00fcgt \u00fcber eine Vergabestelle, die beim Vergabeverfahren die Fachdienststelle intensiv unterst\u00fctzt hat. Sicherlich gibt es \u00e4hnliche Expertise auch in anderen Verwaltungen.<\/p>\n\n\n\n<p>Anhand des Leistungsverzeichnisses muss schnellstm\u00f6glich eine Ausschreibung auf den Weg gebracht werden. Diese ist nach aktueller Rechtslage notwendig, um Labore f\u00fcr das Material, die Auswertung und den Transport der PCR-Lollitestproben zu akquirieren. Unter Umst\u00e4nden ist auch eine europ\u00e4ische Ausschreibung notwendig, was laut Aussage der Stadt Augsburg relativ zeitnah schaffbar ist. <\/p>\n\n\n\n<p>Unseres Wissens nach sind in vielen Regionen Bayerns noch Laborkapazit\u00e4ten f\u00fcr diese Testungen vorhanden. Zudem wird das F\u00f6rderprogramm des Freistaates laut eines Kabinettsbeschlusses vom 21.12.2021 bis zum 31.8.2022 ausgeweitet (<a href=\"https:\/\/www.bayern.de\/bericht-aus-der-kabinettssitzung-vom-21-dezember-2021\/\" target=\"_blank\" rel=\"noreferrer noopener\">LINK<\/a>).<\/p>\n\n\n\n<p>Die Stadt Augsburg hat in Bayern exzellente und wertvolle Vorarbeit in der Organisation von PCR-Lollitests in Kommunen geleistet und stellt diese Informationen \u00fcber die n\u00f6tige Verwaltungsarbeit in der Kommune, die Organisation in den Kitas und die Laborlogistik, die auch die Probentransporte umfasst, v\u00f6llig unkompliziert zur Verf\u00fcgung.<\/p>\n\n\n\n<p>Bitte informieren Sie Ihre Kommune \u00fcber die Kontaktm\u00f6glichkeiten und Informationsweitergabe durch die Stadt Augsburg. Den Kontakt stellen Sie \u00fcber das Amt f\u00fcr Kindertagesbetreuung in Augsburg her:<\/p>\n\n\n\n<p><a href=\"https:\/\/www.augsburg.de\/umwelt-soziales\/kindertagesbetreuung-in-augsburg\/unser-amt-fuer-kindertagesbetreuung\">https:\/\/www.augsburg.de\/umwelt-soziales\/kindertagesbetreuung-in-augsburg\/unser-amt-fuer-kindertagesbetreuung<\/a><\/p>\n\n\n\n<p>E-Mail: <a href=\"mailto:kindertagesbetreuung@augsburg.de\">kindertagesbetreuung@augsburg.de<\/a><br>Telefon: 0821 324\u20136221<\/p>\n\n\n\n<h2>Wichtige Gegenargumente zu oft genannten Einw\u00e4nden gegen <br>PCR-Pooltests<\/h2>\n\n\n\n<p>Folgende Einw\u00e4nde und Gegenargumente sind <strong>nicht<\/strong> haltbar &#8211; nutzen Sie unsere Argumentationshilfe, um sich nicht mit diesen Scheinargumenten weiter auseinandersetzen zu m\u00fcssen:<\/p>\n\n\n\n<ol><li><strong>Personalmangel in den Kitas:<\/strong> Die PCR-Testungen f\u00fchren nicht zu Personalmangel in Kitas. Das vorhandene Personal kann die Testungen an zwei Tagen in der Woche bew\u00e4ltigen. Dies beweisen alle Projekte aus ganz Deutschland (z.B. K\u00f6ln und D\u00fcsseldorf) und auch die Stadt Augsburg best\u00e4tigt dies. Die Kontrolle der Antigenschnelltest-Nachweise, wenn sie gewissenhaft gemacht werden, bedeutet mindestens genauso viel Aufwand f\u00fcr die Leitungen\/das Kitapersonal. Auf lange Sicht sogar mehr, denn die PCR-Test-Logistik ist technisiert und digitalisiert, so dass nach ca. 14 Tagen alles eingespielt ist.<\/li><li><strong>Eine europ\u00e4ische Ausschreibung ist zu langwierig und nicht m\u00f6glich<\/strong>: Dies ist falsch. Bitte sprechen Sie mit der Vergabestelle Ihrer Kommune. Falls Ihnen dort nicht weitergeholfen werden kann, wenden Sie sich bitte an das Amt f\u00fcr Kindertagesbetreuung der Stadt Augsburg. <\/li><li><strong>Omikron ist bald vorbei, die Ausschreibung des STMAS geht nur bis August, es lohnt sich nicht mehr, den Aufwand zu betreiben:<\/strong> Die Reinfektionen mit egal welcher Variante von SarS-CoV-2 bergen gravierende gesundheitliche Gefahren f\u00fcr die Kinder, vor allem f\u00fcr die ungeimpften Kinder. Dar\u00fcberhinaus ist noch nicht bekannt, ob die geimpften Kinder vor Long Covid gesch\u00fctzt sind. Es lohnt in jedem Fall diesen Aufwand f\u00fcr die Kita-Kinder zu betreiben. Wir wissen nicht, ob und wann die n\u00e4chsten Wellen kommen. Das StMAS wird gezwungen sein, die Ausschreibung zu verl\u00e4ngern, massenhafte Krankheitsf\u00e4lle und chronische Erkrankungen unter Kindern sind zu keinem Zeitpunkt akzeptabel. <\/li><li><strong>Es gibt keine Laborkapazit\u00e4ten:<\/strong> Unseren Recherchen zufolge gibt es in vielen Regionen Bayerns ausreichend Laborkapazit\u00e4ten. In jedem Fall lohnt es, verschiedene ANfragen an Labore in Ihrer Region zu stellen, um deren aktuelle Kapazit\u00e4ten anzufragen<\/li><li><strong>Eltern und Erzieher*innen wollen die Tests nicht<\/strong>: Augsburg berichtet von einer Art Dominoeffekt, viele der Einrichtungen und Eltern, die den PCR-Tests zun\u00e4chst kritisch gegen\u00fcberstanden, wollen jetzt, dass ihre Kita-Kinder an den PCR-Testungen teilnehmen, denn nicht nur, dass die Tests sicherer sind &#8211; es erleichtert auch f\u00fcr alle Seiten den Aufwand. Insbesondere die Kinder profitieren von einer kindgerechten Testung (Lolli-Test).<\/li><li><strong>Die Kinder sind immer montags ungetestet, es werden nur zwei PCR-Pooltests pro Woche bezahlt:<\/strong> Am Montag k\u00f6nnte mit den Kindern ein Schnelltest zu Hause gemacht werden, bevor die Kita-Kinder in die Kita gehen. Die Anwendung von Antigenschnelltests w\u00e4re in diesem Fall als Erg\u00e4nzung akzeptabel, da in den Einrichtungen regelm\u00e4\u00dfig mit PCR Tests (hohe Genauigkeit) getestet wird.<\/li><li><strong>Personalmangel in der Verwaltung:<\/strong> Die Projektaufsetzung ist tempor\u00e4r. Sie ist notwendig und lohnend, denn es geht um die Gesundheit der Kinder und Erzieher:innen.<\/li><\/ol>\n","protected":false},"excerpt":{"rendered":"<p>Auf dieser Seite stellen wir allen Interessierten die wichtigsten Informationen zur Verf\u00fcgung, um eine Umsetzung von PCR Pooltests auf kommunaler Ebene anzusto\u00dfen. Es ist von gro\u00dfer Wichtigkeit, dass Sie diese Informationen Ihrer Einrichtungsleitung, den verantwortlichen Personen Ihres Kita-Tr\u00e4gers sowie der kommunalen Verwaltung (Zust\u00e4ndige f\u00fcr Kinderbetreuung) zur Verf\u00fcgung stellen. Daf\u00fcr k\u00f6nnen Sie den unten stehenden Text&hellip;<\/p>\n","protected":false},"author":1,"featured_media":0,"parent":0,"menu_order":0,"comment_status":"closed","ping_status":"closed","template":"","meta":[],"_links":{"self":[{"href":"https:\/\/lolli-test-bayern.de\/home\/wp-json\/wp\/v2\/pages\/375"}],"collection":[{"href":"https:\/\/lolli-test-bayern.de\/home\/wp-json\/wp\/v2\/pages"}],"about":[{"href":"https:\/\/lolli-test-bayern.de\/home\/wp-json\/wp\/v2\/types\/page"}],"author":[{"embeddable":true,"href":"https:\/\/lolli-test-bayern.de\/home\/wp-json\/wp\/v2\/users\/1"}],"replies":[{"embeddable":true,"href":"https:\/\/lolli-test-bayern.de\/home\/wp-json\/wp\/v2\/comments?post=375"}],"version-history":[{"count":0,"href":"https:\/\/lolli-test-bayern.de\/home\/wp-json\/wp\/v2\/pages\/375\/revisions"}],"wp:attachment":[{"href":"https:\/\/lolli-test-bayern.de\/home\/wp-json\/wp\/v2\/media?parent=375"}],"curies":[{"name":"wp","href":"https:\/\/api.w.org\/{rel}","templated":true}]}}