{"id":548,"date":"2022-10-04T20:41:04","date_gmt":"2022-10-04T20:41:04","guid":{"rendered":"https:\/\/lolli-test-bayern.de\/home\/?page_id=548"},"modified":"2022-10-04T20:41:04","modified_gmt":"2022-10-04T20:41:04","slug":"warum-lolli-pcr-tests-in-schulen-und-kitas-weiterhin-sinnvoll-sind","status":"publish","type":"page","link":"https:\/\/lolli-test-bayern.de\/home\/warum-lolli-pcr-tests-in-schulen-und-kitas-weiterhin-sinnvoll-sind\/","title":{"rendered":"Warum Lolli-PCR-Tests in Schulen und Kitas weiterhin sinnvoll sind?"},"content":{"rendered":"\n<p>Viele aktuelle Erkenntnisse sprechen daf\u00fcr, dass Infektionen mit SARS-CoV_2 m\u00f6glichst vermieden werden sollten. Auch wenn die akute Erkrankung f\u00fcr Kinder und Jugendliche meist symptomlos oder nur mit milden Symptomen einhergeht, so k\u00f6nnen nach der Infektion dennoch langfristige gesundheitliche Einschr\u00e4nkungen auftreten.<\/p>\n\n\n\n<p>Einen guten \u00dcberblick \u00fcber die Thematik (&#8222;Long-\/Post-Covid bei Kindern&#8220;) bietet dieser Beitrag:<\/p>\n\n\n\n<figure class=\"wp-block-embed is-type-video is-provider-youtube wp-block-embed-youtube wp-embed-aspect-16-9 wp-has-aspect-ratio\"><div class=\"wp-block-embed__wrapper\">\n<iframe loading=\"lazy\" title=\"Wenn Kinder an Long-Covid leiden | Doku\" width=\"1240\" height=\"698\" src=\"https:\/\/www.youtube.com\/embed\/qEiyCYJ1TrY?feature=oembed\" frameborder=\"0\" allow=\"accelerometer; autoplay; clipboard-write; encrypted-media; gyroscope; picture-in-picture\" allowfullscreen><\/iframe>\n<\/div><\/figure>\n\n\n\n<p>Daher setzen wir uns auch weiterhin daf\u00fcr ein, dass in Kinderbetreuungseinrichtungen und Schulen neben den Hygieneempfehlungen auch weiterhin noch mehr f\u00fcr den Schutz vor Infektionen getan wird. Regelm\u00e4\u00dfige PCR-basierte Tests k\u00f6nnen einen sehr guten Beitrag leisten, um mit wenigen Einschr\u00e4nkungen (2-3 maliger Test pro Woche) ein hohes Ma\u00df an Sicherhiet und Normalit\u00e4t in den Schul- und Kita-Alltag einkehren zu lassen. Da durch die Tests Infektionen bereits sehr fr\u00fchzeitig erkannt werden k\u00f6nnen, besteht ein deutlich vermindertes Infektionsrisiko f\u00fcr die negativ getesteten Kinder. IN unserem neuen Flyer fassen wir die wichtigsten Punkte zusammen.<\/p>\n\n\n\n<div class=\"wp-block-file\"><object class=\"wp-block-file__embed\" data=\"https:\/\/lolli-test-bayern.de\/wp-content\/uploads\/2022\/10\/PCR-Tests_Flyer.pdf\" type=\"application\/pdf\" style=\"width:100%;height:600px\" aria-label=\"Einbettung von PCR-Tests_Flyer.\"><\/object><a id=\"wp-block-file--media-b293f20a-b917-42d1-8ff7-1bae98e5c1a5\" href=\"https:\/\/lolli-test-bayern.de\/wp-content\/uploads\/2022\/10\/PCR-Tests_Flyer.pdf\">PCR-Tests_Flyer<\/a><a href=\"https:\/\/lolli-test-bayern.de\/wp-content\/uploads\/2022\/10\/PCR-Tests_Flyer.pdf\" class=\"wp-block-file__button\" download aria-describedby=\"wp-block-file--media-b293f20a-b917-42d1-8ff7-1bae98e5c1a5\">Herunterladen<\/a><\/div>\n\n\n\n<p>Weitere Hintergrundinformationen, die die oben genannten Punkte best\u00e4tigen, finden Sie zum Beispiel in folgenden Quellen:<\/p>\n\n\n\n<p><a href=\"https:\/\/www.rki.de\/DE\/Content\/Infekt\/EpidBull\/Archiv\/2021\/Ausgaben\/32_21.pdf?__blob=publicationFile\" target=\"_blank\" rel=\"noreferrer noopener\">RKI &#8211; Epidemiologisches Bulletin 32\/2021<\/a><\/p>\n\n\n\n<p><a href=\"https:\/\/www.aerzteblatt.de\/nachrichten\/132039\/www.nature.com\/articles\/d41586-022-00334-w\" target=\"_blank\" rel=\"noreferrer noopener\">Erste Ergebnisse zu Sp\u00e4tfolgen bei Kindern mit COVID-19 aus Deutschland<\/a> (\u00c4rzteblatt 03\/2022) <\/p>\n\n\n\n<p><a rel=\"noreferrer noopener\" href=\"https:\/\/www.aerzteblatt.de\/archiv\/226846\/SARS-CoV-2-PCR-Positivitaet-in-Klassen-der-bayerischen-Grundschulstufen-im-Schuljahr-2021-22\" target=\"_blank\">SARS-CoV-2-PCR-Positivit\u00e4t in Klassen der bayerischen Grundschulstufen im Schuljahr 2021\/22<\/a> (\u00c4rzteblatt 08\/2022)<\/p>\n\n\n\n<p><a href=\"https:\/\/kuvb.de\/leistungen\/faqs-coronavirus\/\">Kommunale Unfallversicherung Bayern: Covid-19 als Versicherungsfall<\/a><\/p>\n\n\n\n<p><a href=\"https:\/\/www.frauenaerzte-im-netz.de\/aktuelles\/meldung\/corona-in-der-schwangerschaft-auch-milde-erkrankung-erhoeht-risiko-fuers-kind\/\" target=\"_blank\" rel=\"noreferrer noopener\">Corona in der Schwangerschaft \u2013 auch milde Erkrankung erh\u00f6ht Risiko f\u00fcrs Kind<\/a> (Frauen\u00e4rzte im Netz)<\/p>\n","protected":false},"excerpt":{"rendered":"<p>Viele aktuelle Erkenntnisse sprechen daf\u00fcr, dass Infektionen mit SARS-CoV_2 m\u00f6glichst vermieden werden sollten. Auch wenn die akute Erkrankung f\u00fcr Kinder und Jugendliche meist symptomlos oder nur mit milden Symptomen einhergeht, so k\u00f6nnen nach der Infektion dennoch langfristige gesundheitliche Einschr\u00e4nkungen auftreten. Einen guten \u00dcberblick \u00fcber die Thematik (&#8222;Long-\/Post-Covid bei Kindern&#8220;) bietet dieser Beitrag: Daher setzen wir&hellip;<\/p>\n","protected":false},"author":1,"featured_media":0,"parent":0,"menu_order":0,"comment_status":"closed","ping_status":"closed","template":"","meta":[],"_links":{"self":[{"href":"https:\/\/lolli-test-bayern.de\/home\/wp-json\/wp\/v2\/pages\/548"}],"collection":[{"href":"https:\/\/lolli-test-bayern.de\/home\/wp-json\/wp\/v2\/pages"}],"about":[{"href":"https:\/\/lolli-test-bayern.de\/home\/wp-json\/wp\/v2\/types\/page"}],"author":[{"embeddable":true,"href":"https:\/\/lolli-test-bayern.de\/home\/wp-json\/wp\/v2\/users\/1"}],"replies":[{"embeddable":true,"href":"https:\/\/lolli-test-bayern.de\/home\/wp-json\/wp\/v2\/comments?post=548"}],"version-history":[{"count":1,"href":"https:\/\/lolli-test-bayern.de\/home\/wp-json\/wp\/v2\/pages\/548\/revisions"}],"predecessor-version":[{"id":550,"href":"https:\/\/lolli-test-bayern.de\/home\/wp-json\/wp\/v2\/pages\/548\/revisions\/550"}],"wp:attachment":[{"href":"https:\/\/lolli-test-bayern.de\/home\/wp-json\/wp\/v2\/media?parent=548"}],"curies":[{"name":"wp","href":"https:\/\/api.w.org\/{rel}","templated":true}]}}

<p>Viele aktuelle Erkenntnisse sprechen dafür, dass Infektionen mit SARS-CoV_2 möglichst vermieden werden sollten. Auch wenn die akute Erkrankung für Kinder und Jugendliche meist symptomlos oder nur mit milden Symptomen einhergeht, so können nach der Infektion dennoch langfristige gesundheitliche Einschränkungen auftreten.</p>



<p>Einen guten Überblick über die Thematik (&#8222;Long-/Post-Covid bei Kindern&#8220;) bietet dieser Beitrag:</p>



<figure class="wp-block-embed is-type-video is-provider-youtube wp-block-embed-youtube wp-embed-aspect-16-9 wp-has-aspect-ratio"><div class="wp-block-embed__wrapper">
<iframe loading="lazy" title="Wenn Kinder an Long-Covid leiden | Doku" width="1240" height="698" src="https://www.youtube.com/embed/qEiyCYJ1TrY?feature=oembed" frameborder="0" allow="accelerometer; autoplay; clipboard-write; encrypted-media; gyroscope; picture-in-picture" allowfullscreen></iframe>
</div></figure>



<p>Daher setzen wir uns auch weiterhin dafür ein, dass in Kinderbetreuungseinrichtungen und Schulen neben den Hygieneempfehlungen auch weiterhin noch mehr für den Schutz vor Infektionen getan wird. Regelmäßige PCR-basierte Tests können einen sehr guten Beitrag leisten, um mit wenigen Einschränkungen (2-3 maliger Test pro Woche) ein hohes Maß an Sicherhiet und Normalität in den Schul- und Kita-Alltag einkehren zu lassen. Da durch die Tests Infektionen bereits sehr frühzeitig erkannt werden können, besteht ein deutlich vermindertes Infektionsrisiko für die negativ getesteten Kinder. IN unserem neuen Flyer fassen wir die wichtigsten Punkte zusammen.</p>



<div class="wp-block-file"><object class="wp-block-file__embed" data="https://lolli-test-bayern.de/wp-content/uploads/2022/10/PCR-Tests_Flyer.pdf" type="application/pdf" style="width:100%;height:600px" aria-label="Einbettung von PCR-Tests_Flyer."></object><a id="wp-block-file--media-b293f20a-b917-42d1-8ff7-1bae98e5c1a5" href="https://lolli-test-bayern.de/wp-content/uploads/2022/10/PCR-Tests_Flyer.pdf">PCR-Tests_Flyer</a><a href="https://lolli-test-bayern.de/wp-content/uploads/2022/10/PCR-Tests_Flyer.pdf" class="wp-block-file__button" download aria-describedby="wp-block-file--media-b293f20a-b917-42d1-8ff7-1bae98e5c1a5">Herunterladen</a></div>



<p>Weitere Hintergrundinformationen, die die oben genannten Punkte bestätigen, finden Sie zum Beispiel in folgenden Quellen:</p>



<p><a href="https://www.rki.de/DE/Content/Infekt/EpidBull/Archiv/2021/Ausgaben/32_21.pdf?__blob=publicationFile" target="_blank" rel="noreferrer noopener">RKI &#8211; Epidemiologisches Bulletin 32/2021</a></p>



<p><a href="https://www.aerzteblatt.de/nachrichten/132039/www.nature.com/articles/d41586-022-00334-w" target="_blank" rel="noreferrer noopener">Erste Ergebnisse zu Spätfolgen bei Kindern mit COVID-19 aus Deutschland</a> (Ärzteblatt 03/2022) </p>



<p><a rel="noreferrer noopener" href="https://www.aerzteblatt.de/archiv/226846/SARS-CoV-2-PCR-Positivitaet-in-Klassen-der-bayerischen-Grundschulstufen-im-Schuljahr-2021-22" target="_blank">SARS-CoV-2-PCR-Positivität in Klassen der bayerischen Grundschulstufen im Schuljahr 2021/22</a> (Ärzteblatt 08/2022)</p>



<p><a href="https://kuvb.de/leistungen/faqs-coronavirus/">Kommunale Unfallversicherung Bayern: Covid-19 als Versicherungsfall</a></p>



<p><a href="https://www.frauenaerzte-im-netz.de/aktuelles/meldung/corona-in-der-schwangerschaft-auch-milde-erkrankung-erhoeht-risiko-fuers-kind/" target="_blank" rel="noreferrer noopener">Corona in der Schwangerschaft – auch milde Erkrankung erhöht Risiko fürs Kind</a> (Frauenärzte im Netz)</p>

<p>Viele aktuelle Erkenntnisse sprechen dafür, dass Infektionen mit SARS-CoV_2 möglichst vermieden werden sollten. Auch wenn die akute Erkrankung für Kinder und Jugendliche meist symptomlos oder nur mit milden Symptomen einhergeht, so können nach der Infektion dennoch langfristige gesundheitliche Einschränkungen auftreten. Einen guten Überblick über die Thematik (&#8222;Long-/Post-Covid bei Kindern&#8220;) bietet dieser Beitrag: Daher setzen wir&hellip;</p>
